 is the remainder when 11366 is divided by 455?
446
What is the remainder when 82315 is divided by 588?
583
Calculate the remainder when 2009 is divided by 164.
41
What is the remainder when 13191 is divided by 2195?
21
Calculate the remainder when 33669 is divided by 3362.
49
What is the remainder when 527 is divided by 26?
7
Calculate the remainder when 1450987 is divided by 1078.
1077
What is the remainder when 295296 is divided by 722?
720
What is the remainder when 53941 is divided by 278?
9
Calculate the remainder when 73083 is divided by 36541.
1
What is the remainder when 834170 is divided by 38?
32
Calculate the remainder when 965 is divided by 693.
272
Calculate the remainder when 191224 is divided by 37.
8
What is the remainder when 4956 is divided by 1549?
309
Calculate the remainder when 1816836 is divided by 265.
261
Calculate the remainder when 236063 is divided by 236062.
1
Calculate the remainder when 4807 is divided by 1199.
11
What is the remainder when 340029 is divided by 34?
29
What is the remainder when 1837519 is divided by 515?
514
What is the remainder when 1966277 is divided by 4?
1
Calculate the remainder when 1727 is divided by 709.
309
What is the remainder when 7554 is divided by 454?
290
What is the remainder when 429562 is divided by 1597?
1566
Calculate the remainder when 4225 is divided by 4056.
169
What is the remainder when 7864 is divided by 3902?
60
What is the remainder when 688619 is divided by 13?
9
Calculate the remainder when 12345 is divided by 92.
17
Calculate the remainder when 70776 is divided by 1089.
1080
What is the remainder when 2274 is divided by 678?
240
What is the remainder when 91157 is divided by 203?
10
What is the remainder when 91104 is divided by 477?
474
What is the remainder when 1552539 is divided by 1552533?
6
What is the remainder when 27952 is divided by 1156?
208
What is the remainder when 609421 is divided by 6?
1
Calculate the remainder when 3503 is divided by 1676.
151
What is the remainder when 13868 is divided by 985?
78
Calculate the remainder when 9445 is divided by 67.
65
What is the remainder when 14712 is divided by 175?
12
Calculate the remainder when 7037 is divided by 88.
85
What is the remainder when 1088485 is divided by 9?
7
What is the remainder when 22268 is divided by 1060?
8
Calculate the remainder when 569019 is divided by 20.
19
What is the remainder when 38031 is divided by 38029?
2
Calculate the remainder when 70363 is divided by 110.
73
Calculate the remainder when 591354 is divided by 177.
174
What is the remainder when 1739 is divided by 342?
29
What is the remainder when 23119 is divided by 196?
187
What is the remainder when 63965 is divided by 13?
5
Calculate the remainder when 233742 is divided by 4770.
12
Calculate the remainder when 294158 is divided by 318.
8
Calculate the remainder when 154812 is divided by 207.
183
What is the remainder when 1273792 is divided by 139?
135
What is the remainder when 40932 is divided by 20446?
40
Calculate the remainder when 241 is divided by 74.
19
What is the remainder when 36557 is divided by 6?
5
What is the remainder when 4865 is divided by 152?
1
Calculate the remainder when 3298678 is divided by 60.
58
What is the remainder when 2532720 is divided by 151?
148
What is the remainder when 1349 is divided by 32?
5
What is the remainder when 2190 is divided by 958?
274
What is the remainder when 11187 is divided by 3726?
9
Calculate the remainder when 215429 is divided by 630.
599
What is the remainder when 5658697 is divided by 25?
22
Calculate the remainder when 7594 is divided by 1611.
1150
What is the remainder when 49833 is divided by 16609?
6
What is the remainder when 329092 is divided by 11?
5
Calculate the remainder when 200320 is divided by 4451.
25
What is the remainder when 1459773 is divided by 37430?
3
Calculate the remainder when 412691 is divided by 34.
33
What is the remainder when 73385 is divided by 1931?
7
Calculate the remainder when 24461 is divided by 38.
27
What is the remainder when 142484 is divided by 843?
17
What is the remainder when 294302 is divided by 362?
358
Calculate the remainder when 26400 is divided by 220.
0
What is the remainder when 1660 is divided by 26?
22
Calculate the remainder when 114033 is divided by 67.
66
Calculate the remainder when 10112 is divided by 2018.
22
Calculate the remainder when 4458 is divided by 747.
723
What is the remainder when 1280 is divided by 322?
314
Calculate the remainder when 34566 is divided by 909.
24
Calculate the remainder when 20164 is divided by 37.
36
What is the remainder when 16182 is divided by 330?
12
What is the remainder when 957 is divided by 222?
69
Calculate the remainder when 13970 is divided by 100.
70
Calculate the remainder when 8824 is divided by 986.
936
What is the remainder when 11196 is divided by 7?
3
What is the remainder when 3375 is divided by 1044?
243
Calculate the remainder when 1816 is divided by 13.
9
What is the remainder when 3471 is divided by 165?
6
Calculate the remainder when 1385 is divided by 40.
25
Calculate the remainder when 2621 is divided by 59.
25
What is the remainder when 48507 is divided by 63?
60
Calculate the remainder when 248121 is divided by 958.
957
Calculate the remainder when 116296 is divided by 42.
40
Calculate the remainder when 27091 is divided by 6735.
151
Calculate the remainder when 8060323 is divided by 975.
973
What is the remainder when 4031 is divided by 3969?
62
What is the remainder when 774 is divided by 221?
111
Calculate the remainder when 2894 is divided by 381.
227
Calculate the remainder when 7869 is divided by 3876.
117
What is the remainder when 248 is divided by 201?
47
What is the remainder when 1181 is divided by 388?
17
What is the remainder when 48443 is divided by 914?
1
What is the remainder when 655 is divided by 66?
61
Calculate the remainder when 568646 is divided by 132.
122
What is the remainder when 3553 is divided by 180?
133
Calculate the remainder when 20528 is divided by 33.
2
What is the remainder when 246446 is divided by 41073?
8
Calculate the remainder when 181148 is divided by 21.
2
Calculate the remainder when 1003 is divided by 15.
13
What is the remainder when 155446 is divided by 17?
15
What is the remainder when 9651 is divided by 322?
313
Calculate the remainder when 9945 is divided by 3308.
21
What is the remainder when 9936 is divided by 846?
630
What is the remainder when 763693 is divided by 129?
13
What is the remainder when 20286 is divided by 751?
9
What is the remainder when 1846 is divided by 1089?
757
What is the remainder when 2087 is divided by 1049?
1038
Calculate the remainder when 51277 is divided by 167.
8
What is the remainder when 17380 is divided by 2166?
52
Calculate the remainder when 11062 is divided by 5205.
652
Calculate the remainder when 29468 is divided by 72.
20
What is the remainder when 133662 is divided by 106?
102
What is the remainder when 48517 is divided by 12022?
429
Calculate the remainder when 28085 is divided by 137.
0
What is the remainder when 296025 is divided by 14?
9
Calculate the remainder when 110643 is divided by 292.
267
What is the remainder when 11218 is divided by 74?
44
Calculate the remainder when 339188 is divided by 535.
533
Calculate the remainder when 2087 is divided by 220.
107
Calculate the remainder when 10603 is divided by 16.
11
What is the remainder when 582708 is divided by 2788?
16
Calculate the remainder when 26069 is divided by 4775.
2194
What is the remainder when 55013 is divided by 122?
113
What is the remainder when 85622 is divided by 590?
72
Calculate the remainder when 1013 is divided by 341.
331
What is the remainder when 86582 is divided by 1069?
1062
Calculate the remainder when 2455 is divided by 166.
131
Calculate the remainder when 37362 is divided by 30.
12
Calculate the remainder when 21143 is divided by 1110.
53
What is the remainder when 30023 is divided by 24?
23
Calculate the remainder when 8530 is divided by 11.
5
Calculate the remainder when 736229 is divided by 78.
65
Calculate the remainder when 11188 is divided by 5537.
114
Calculate the remainder when 12951 is divided by 236.
207
What is the remainder when 9936 is divided by 48?
0
